by 76.
74
What is the remainder when 1034 is divided by 23?
22
What is the remainder when 597 is divided by 30?
27
What is the remainder when 530 is divided by 133?
131
Calculate the remainder when 459 is divided by 185.
89
Calculate the remainder when 63 is divided by 12.
3
Calculate the remainder when 25687 is divided by 23.
19
Calculate the remainder when 76 is divided by 59.
17
Calculate the remainder when 2267 is divided by 54.
53
Calculate the remainder when 12146 is divided by 135.
131
What is the remainder when 1125 is divided by 162?
153
Calculate the remainder when 670 is divided by 59.
21
Calculate the remainder when 578 is divided by 20.
18
Calculate the remainder when 648 is divided by 314.
20
What is the remainder when 98 is divided by 23?
6
What is the remainder when 1821 is divided by 902?
17
What is the remainder when 331 is divided by 37?
35
Calculate the remainder when 121 is divided by 98.
23
Calculate the remainder when 247 is divided by 53.
35
Calculate the remainder when 371 is divided by 25.
21
What is the remainder when 30 is divided by 4?
2
What is the remainder when 489 is divided by 257?
232
Calculate the remainder when 108 is divided by 10.
8
Calculate the remainder when 7303 is divided by 36.
31
What is the remainder when 38 is divided by 14?
10
Calculate the remainder when 375 is divided by 118.
21
What is the remainder when 33 is divided by 20?
13
What is the remainder when 1266 is divided by 181?
180
What is the remainder when 459 is divided by 199?
61
What is the remainder when 122 is divided by 13?
5
What is the remainder when 73 is divided by 22?
7
Calculate the remainder when 558 is divided by 27.
18
What is the remainder when 1068 is divided by 134?
130
Calculate the remainder when 419 is divided by 30.
29
Calculate the remainder when 123 is divided by 62.
61
What is the remainder when 175 is divided by 45?
40
Calculate the remainder when 183 is divided by 46.
45
Calculate the remainder when 279 is divided by 103.
73
What is the remainder when 462 is divided by 41?
11
Calculate the remainder when 451 is divided by 6.
1
Calculate the remainder when 438 is divided by 40.
38
What is the remainder when 93 is divided by 49?
44
Calculate the remainder when 200 is divided by 97.
6
Calculate the remainder when 76 is divided by 10.
6
What is the remainder when 1110 is divided by 140?
130
What is the remainder when 36 is divided by 24?
12
Calculate the remainder when 278 is divided by 71.
65
Calculate the remainder when 1122 is divided by 160.
2
Calculate the remainder when 8260 is divided by 18.
16
What is the remainder when 1770 is divided by 52?
2
Calculate the remainder when 94 is divided by 8.
6
Calculate the remainder when 9791 is divided by 12.
11
What is the remainder when 1666 is divided by 62?
54
Calculate the remainder when 1006 is divided by 204.
190
What is the remainder when 166 is divided by 47?
25
What is the remainder when 126 is divided by 34?
24
Calculate the remainder when 20 is divided by 6.
2
Calculate the remainder when 784 is divided by 10.
4
What is the remainder when 31 is divided by 7?
3
Calculate the remainder when 6222 is divided by 16.
14
What is the remainder when 188 is divided by 72?
44
Calculate the remainder when 115 is divided by 52.
11
What is the remainder when 405 is divided by 34?
31
Calculate the remainder when 298 is divided by 60.
58
Calculate the remainder when 193 is divided by 178.
15
What is the remainder when 335 is divided by 34?
29
What is the remainder when 378 is divided by 20?
18
Calculate the remainder when 1600 is divided by 6.
4
What is the remainder when 170 is divided by 12?
2
Calculate the remainder when 76 is divided by 26.
24
What is the remainder when 2306 is divided by 166?
148
What is the remainder when 823 is divided by 26?
17
What is the remainder when 2704 is divided by 66?
64
Calculate the remainder when 365 is divided by 41.
37
Calculate the remainder when 149 is divided by 70.
9
What is the remainder when 846 is divided by 11?
10
What is the remainder when 48 is divided by 17?
14
Calculate the remainder when 17953 is divided by 171.
169
Calculate the remainder when 362 is divided by 37.
29
Calculate the remainder when 237 is divided by 19.
9
What is the remainder when 440 is divided by 140?
20
What is the remainder when 232 is divided by 72?
16
What is the remainder when 1056 is divided by 522?
12
Calculate the remainder when 431 is divided by 77.
46
Calculate the remainder when 79 is divided by 52.
27
What is the remainder when 172 is divided by 53?
13
What is the remainder when 9122 is divided by 179?
172
What is the remainder when 85 is divided by 78?
7
Calculate the remainder when 238 is divided by 79.
1
Calculate the remainder when 6433 is divided by 65.
63
What is the remainder when 96 is divided by 50?
46
Calculate the remainder when 175 is divided by 16.
15
Calculate the remainder when 102 is divided by 30.
12
What is the remainder when 7052 is divided by 44?
12
What is the remainder when 229 is divided by 33?
31
Calculate the remainder when 10 is divided by 6.
4
Calculate the remainder when 4071 is divided by 508.
7
Calculate the remainder when 374 is divided by 14.
10
Calculate the remainder when 332 is divided by 18.
8
What is the remainder when 281 is divided by 234?
47
What is the remainder when 397 is divided by 14?
5
Calculate the remainder when 26 is divided by 3.
2
Calculate the remainder when 2496 is divided by 25.
21
What is the remainder when 13389 is divided by 16?
13
Calculate the remainder when 1526 is divided by 290.
76
Calculate the remainder when 376 is divided by 47.
0
What is the remainder when 492 is divided by 168?
156
Calculate the remainder when 1475 is divided by 37.
32
What is the remainder when 29 is divided by 11?
7
Calculate the remainder when 198 is divided by 6.
0
Calculate the remainder when 295 is divided by 62.
47
Calculate the remainder when 5459 is divided by 27.
5
Calculate the remainder when 916 is divided by 298.
22
Calculate the remainder when 919 is divided by 449.
21
Calculate the remainder when 1921 is divided by 62.
61
What is the remainder when 113 is divided by 63?
50
Calculate the remainder when 1516 is divided by 195.
151
What is the remainder when 162 is divided by 52?
6
Calculate the remainder when 230 is divided by 84.
62
Calculate the remainder when 169 is divided by 28.
1
Calculate the remainder when 777 is divided by 26.
23
What is the remainder when 337 is divided by 293?
44
Calculate the remainder when 1449 is divided by 91.
84
Calculate the remainder when 87 is divided by 9.
6
Calculate the remainder when 593 is divided by 179.
56
Calculate the remainder when 1043 is divided by 58.
57
What is the remainder when 3361 is divided by 29?
26
What is the remainder when 94 is divided by 84?
10
Calculate the remainder when 1286 is divided by 13.
12
Calculate the remainder when 160 is divided by 77.
6
Calculate the remainder when 259 is divided by 20.
19
What is the remainder when 6533 is divided by 27?
26
Calculate the remainder when 6608 is divided by 63.
56
What is the remainder when 199 is divided by 35?
24
Calculate the remainder when 3663 is divided by 131.
126
What is the remainder when 1574 is divided by 63?
62
What is the remainder when 10 is divided by 4?
2
Calculate the remainder when 6415 is divided by 87.
64
What is the remainder when 489 is divided by 231?
27
Calculate the remainder when 6488 is divided by 6.
2
What is the remainder when 96 is divided by 53?
43
Calculate the remainder when 760 is divided by 30.
10
What is the remainder when 106 is divided by 81?
25
What is the remainder when 144 is divided by 30?
24
What is the remainder when 1010 is divided by 26?
22
What is the remainder when 159 is divided by 51?
6
What is the remainder when 206 is divided by 47?
18
What is the remainder when 675 is divided by 34?
29
What is the remainder when 163 is divided by 17?
10
What is the remainder when 161 is divided by 18?
17
What is the remainder when 401 is divided by 46?
33
Calculate the remainder when 1107 is divided by 392.
323
What is the remainder when 3 is divided by 1?
0
Calculate the remainder when 166 is divided by 14.
12
What is the remainder when 102 is divided by 